{"id":156,"date":"2025-12-08T22:40:11","date_gmt":"2025-12-08T22:40:11","guid":{"rendered":"https:\/\/www.monamiteto.fr\/?post_type=product&#038;p=156"},"modified":"2026-04-05T10:41:31","modified_gmt":"2026-04-05T10:41:31","slug":"pack-decouverte-teto-livre-carnet-dactivites","status":"publish","type":"product","link":"https:\/\/www.monamiteto.fr\/?product=pack-decouverte-teto-livre-carnet-dactivites","title":{"rendered":"Pack D\u00e9couverte T\u00e9t\u00f6 : Livre + Carnet d\u2019activit\u00e9s"},"content":{"rendered":"<p data-start=\"5437\" data-end=\"5647\">Le Pack D\u00e9couverte T\u00e9t\u00f6 r\u00e9unit l\u2019album jeunesse <em data-start=\"5485\" data-end=\"5520\">Ma\u00e9 et la grande aventure des NON<\/em> et son carnet d\u2019activit\u00e9s associ\u00e9, pour une exp\u00e9rience \u00e9ducative compl\u00e8te autour des \u00e9motions, du langage et de l\u2019autonomie.<\/p>\n<p data-start=\"5649\" data-end=\"5892\">Le livre aide l\u2019enfant \u00e0 comprendre ses choix et ses \u00e9motions gr\u00e2ce \u00e0 une histoire interactive pleine de d\u00e9tails. Le carnet prolonge cet apprentissage par des jeux, missions et activit\u00e9s progressives, utilisables \u00e0 la maison comme en classe.<\/p>\n<p data-start=\"5894\" data-end=\"6094\">Ensemble, ces deux supports offrent aux parents un outil concret pour transmettre, expliquer, \u00e9changer et accompagner l\u2019enfant dans son quotidien. Un duo id\u00e9al pour un cadeau \u00e9ducatif et bienveillant.<\/p>\n","protected":false},"excerpt":{"rendered":"<p>Le duo parfait pour accompagner les \u00e9motions, les choix et l&#8217;autonomie : un album + un carnet d\u2019activit\u00e9s pour apprendre, partager et grandir au quotidien.<\/p>\n","protected":false},"featured_media":152,"comment_status":"open","ping_status":"closed","template":"","meta":{"site-sidebar-layout":"default","site-content-layout":"","ast-site-content-layout":"default","site-content-style":"default","site-sidebar-style":"default","ast-global-header-display":"","ast-banner-title-visibility":"","ast-main-header-display":"","ast-hfb-above-header-display":"","ast-hfb-below-header-display":"","ast-hfb-mobile-header-display":"","site-post-title":"","ast-breadcrumbs-content":"","ast-featured-img":"","footer-sml-layout":"","theme-transparent-header-meta":"default","adv-header-id-meta":"","stick-header-meta":"","header-above-stick-meta":"","header-main-stick-meta":"","header-below-stick-meta":"","astra-migrate-meta-layouts":"set","ast-page-background-enabled":"default","ast-page-background-meta":{"desktop":{"background-color":"var(--ast-global-color-5)","background-image":"","background-repeat":"repeat","background-position":"center center","background-size":"auto","background-attachment":"scroll","background-type":"","background-media":"","overlay-type":"","overlay-color":"","overlay-opacity":"","overlay-gradient":""},"tablet":{"background-color":"","background-image":"","background-repeat":"repeat","background-position":"center center","background-size":"auto","background-attachment":"scroll","background-type":"","background-media":"","overlay-type":"","overlay-color":"","overlay-opacity":"","overlay-gradient":""},"mobile":{"background-color":"","background-image":"","background-repeat":"repeat","background-position":"center center","background-size":"auto","background-attachment":"scroll","background-type":"","background-media":"","overlay-type":"","overlay-color":"","overlay-opacity":"","overlay-gradient":""}},"ast-content-background-meta":{"desktop":{"background-color":"var(--ast-global-color-4)","background-image":"","background-repeat":"repeat","background-position":"center center","background-size":"auto","background-attachment":"scroll","background-type":"","background-media":"","overlay-type":"","overlay-color":"","overlay-opacity":"","overlay-gradient":""},"tablet":{"background-color":"var(--ast-global-color-4)","background-image":"","background-repeat":"repeat","background-position":"center center","background-size":"auto","background-attachment":"scroll","background-type":"","background-media":"","overlay-type":"","overlay-color":"","overlay-opacity":"","overlay-gradient":""},"mobile":{"background-color":"var(--ast-global-color-4)","background-image":"","background-repeat":"repeat","background-position":"center center","background-size":"auto","background-attachment":"scroll","background-type":"","background-media":"","overlay-type":"","overlay-color":"","overlay-opacity":"","overlay-gradient":""}}},"product_brand":[41],"product_cat":[43,42,19],"product_tag":[59,25,21,58,27,20,60,61,57,54],"class_list":{"0":"post-156","1":"product","2":"type-product","3":"status-publish","4":"has-post-thumbnail","6":"product_brand-les-editions-teto","7":"product_cat-albums-illustres","8":"product_cat-carnets-dactivites","9":"product_cat-livres-jeunesse","10":"product_tag-activites-enfants","11":"product_tag-autonomie","12":"product_tag-choix","13":"product_tag-coffret-enfant","14":"product_tag-developpement-emotionnel","15":"product_tag-emotions","16":"product_tag-idee-cadeau","17":"product_tag-livre-carnet","18":"product_tag-pack-educatif","19":"product_tag-univers-teto","20":"desktop-align-left","21":"tablet-align-left","22":"mobile-align-left","24":"first","25":"instock","26":"taxable","27":"shipping-taxable","28":"purchasable","29":"product-type-simple"},"jetpack_sharing_enabled":true,"_links":{"self":[{"href":"https:\/\/www.monamiteto.fr\/index.php?rest_route=\/wp\/v2\/product\/156","targetHints":{"allow":["GET"]}}],"collection":[{"href":"https:\/\/www.monamiteto.fr\/index.php?rest_route=\/wp\/v2\/product"}],"about":[{"href":"https:\/\/www.monamiteto.fr\/index.php?rest_route=\/wp\/v2\/types\/product"}],"replies":[{"embeddable":true,"href":"https:\/\/www.monamiteto.fr\/index.php?rest_route=%2Fwp%2Fv2%2Fcomments&post=156"}],"wp:featuredmedia":[{"embeddable":true,"href":"https:\/\/www.monamiteto.fr\/index.php?rest_route=\/wp\/v2\/media\/152"}],"wp:attachment":[{"href":"https:\/\/www.monamiteto.fr\/index.php?rest_route=%2Fwp%2Fv2%2Fmedia&parent=156"}],"wp:term":[{"taxonomy":"product_brand","embeddable":true,"href":"https:\/\/www.monamiteto.fr\/index.php?rest_route=%2Fwp%2Fv2%2Fproduct_brand&post=156"},{"taxonomy":"product_cat","embeddable":true,"href":"https:\/\/www.monamiteto.fr\/index.php?rest_route=%2Fwp%2Fv2%2Fproduct_cat&post=156"},{"taxonomy":"product_tag","embeddable":true,"href":"https:\/\/www.monamiteto.fr\/index.php?rest_route=%2Fwp%2Fv2%2Fproduct_tag&post=156"}],"curies":[{"name":"wp","href":"https:\/\/api.w.org\/{rel}","templated":true}]}}