{"id":146,"date":"2025-12-08T21:02:33","date_gmt":"2025-12-08T21:02:33","guid":{"rendered":"https:\/\/www.monamiteto.fr\/?post_type=product&#038;p=146"},"modified":"2026-01-28T15:57:33","modified_gmt":"2026-01-28T15:57:33","slug":"album-illustre-mae-et-la-grande-aventure-des-non","status":"publish","type":"product","link":"https:\/\/www.monamiteto.fr\/?product=album-illustre-mae-et-la-grande-aventure-des-non","title":{"rendered":"Ma\u00e9 et la grande aventure des NON : Album jeunesse d\u00e8s 3 ans"},"content":{"rendered":"<p data-start=\"718\" data-end=\"1000\">&#8220;Ma\u00e9 et la grande aventure des NON&#8221; est un album jeunesse interactif et plein d\u2019humour qui aide les enfants \u00e0 apprendre \u00e0 dire OUI\u2026 et NON ! \u00c0 travers une aventure color\u00e9e guid\u00e9e par T\u00e9to, les enfants d\u00e9couvrent leurs \u00e9motions, leurs pr\u00e9f\u00e9rences et la notion essentielle de choix.<\/p>\n<p data-start=\"1002\" data-end=\"1425\">L\u2019album propose un vocabulaire riche, des mots mis en valeur pour faciliter l\u2019\u00e9change parent-enfant, ainsi que de nombreux d\u00e9tails visuels \u00e0 observer (lettres cach\u00e9es, petites tortues, jeux des diff\u00e9rences). Con\u00e7u pour favoriser l\u2019affirmation de soi et la compr\u00e9hension des \u00e9motions, il offre un tr\u00e8s fort potentiel de relecture et devient un support id\u00e9al pour les familles, enseignants et professionnels de l\u2019enfance.<\/p>\n<p data-start=\"1002\" data-end=\"1425\"><strong data-start=\"1064\" data-end=\"1131\">Le livre comprend \u00e9galement 3 pages d\u2019informations p\u00e9dagogiques<\/strong> destin\u00e9es aux parents et aux enfants. Gr\u00e2ce \u00e0 sa construction pens\u00e9e par une autrice engag\u00e9e dans le d\u00e9veloppement \u00e9motionnel des enfants, l\u2019album devient un outil pratique pour accompagner les premiers apprentissages relationnels.<\/p>\n<p data-start=\"1427\" data-end=\"1699\">Premi\u00e8re \u0153uvre publi\u00e9e des \u00c9ditions T\u00e9t\u00f6, cet album est imprim\u00e9 en qualit\u00e9 premium (21\u00d721 cm, 28 pages), et s\u2019int\u00e8gre dans la collection <em data-start=\"1564\" data-end=\"1593\">Les chroniques du quotidien<\/em>. Il peut \u00eatre compl\u00e9t\u00e9 par un carnet d\u2019activit\u00e9s assorti pour prolonger l\u2019histoire et les apprentissages.<\/p>\n","protected":false},"excerpt":{"rendered":"<p>Un album tendre et dr\u00f4le pour aider les enfants \u00e0 comprendre leurs \u00e9motions et \u00e0 faire leurs propres choix. Des d\u00e9tails \u00e0 observer, un vocabulaire riche, et une lecture interactive que les enfants adorent.<\/p>\n","protected":false},"featured_media":195,"comment_status":"open","ping_status":"closed","template":"","meta":{"site-sidebar-layout":"default","site-content-layout":"","ast-site-content-layout":"default","site-content-style":"default","site-sidebar-style":"default","ast-global-header-display":"","ast-banner-title-visibility":"","ast-main-header-display":"","ast-hfb-above-header-display":"","ast-hfb-below-header-display":"","ast-hfb-mobile-header-display":"","site-post-title":"","ast-breadcrumbs-content":"","ast-featured-img":"","footer-sml-layout":"","theme-transparent-header-meta":"default","adv-header-id-meta":"","stick-header-meta":"","header-above-stick-meta":"","header-main-stick-meta":"","header-below-stick-meta":"","astra-migrate-meta-layouts":"set","ast-page-background-enabled":"default","ast-page-background-meta":{"desktop":{"background-color":"var(--ast-global-color-5)","background-image":"","background-repeat":"repeat","background-position":"center center","background-size":"auto","background-attachment":"scroll","background-type":"","background-media":"","overlay-type":"","overlay-color":"","overlay-opacity":"","overlay-gradient":""},"tablet":{"background-color":"","background-image":"","background-repeat":"repeat","background-position":"center center","background-size":"auto","background-attachment":"scroll","background-type":"","background-media":"","overlay-type":"","overlay-color":"","overlay-opacity":"","overlay-gradient":""},"mobile":{"background-color":"","background-image":"","background-repeat":"repeat","background-position":"center center","background-size":"auto","background-attachment":"scroll","background-type":"","background-media":"","overlay-type":"","overlay-color":"","overlay-opacity":"","overlay-gradient":""}},"ast-content-background-meta":{"desktop":{"background-color":"var(--ast-global-color-4)","background-image":"","background-repeat":"repeat","background-position":"center center","background-size":"auto","background-attachment":"scroll","background-type":"","background-media":"","overlay-type":"","overlay-color":"","overlay-opacity":"","overlay-gradient":""},"tablet":{"background-color":"var(--ast-global-color-4)","background-image":"","background-repeat":"repeat","background-position":"center center","background-size":"auto","background-attachment":"scroll","background-type":"","background-media":"","overlay-type":"","overlay-color":"","overlay-opacity":"","overlay-gradient":""},"mobile":{"background-color":"var(--ast-global-color-4)","background-image":"","background-repeat":"repeat","background-position":"center center","background-size":"auto","background-attachment":"scroll","background-type":"","background-media":"","overlay-type":"","overlay-color":"","overlay-opacity":"","overlay-gradient":""}}},"product_brand":[41],"product_cat":[43,19],"product_tag":[22,29,25,21,28,26,37,27,20,32,23,31,35,34,30,33,38,36,40,39,24],"class_list":{"0":"post-146","1":"product","2":"type-product","3":"status-publish","4":"has-post-thumbnail","6":"product_brand-les-editions-teto","7":"product_cat-albums-illustres","8":"product_cat-livres-jeunesse","9":"product_tag-affirmation-de-soi","10":"product_tag-album-jeunesse","11":"product_tag-autonomie","12":"product_tag-choix","13":"product_tag-communication-bienveillante","14":"product_tag-confiance-en-soi","15":"product_tag-details-caches","16":"product_tag-developpement-emotionnel","17":"product_tag-emotions","18":"product_tag-histoire-du-coucher","19":"product_tag-langage","20":"product_tag-lecture-du-soir","21":"product_tag-litterature-jeunesse","22":"product_tag-livre-educatif","23":"product_tag-livre-enfant-3-ans","24":"product_tag-livre-interactif","25":"product_tag-mots-en-gras","26":"product_tag-observation","27":"product_tag-pedagogie-positive","28":"product_tag-support-parental","29":"product_tag-vocabulaire","30":"desktop-align-left","31":"tablet-align-left","32":"mobile-align-left","34":"first","35":"instock","36":"taxable","37":"shipping-taxable","38":"purchasable","39":"product-type-simple"},"jetpack_sharing_enabled":true,"_links":{"self":[{"href":"https:\/\/www.monamiteto.fr\/index.php?rest_route=\/wp\/v2\/product\/146","targetHints":{"allow":["GET"]}}],"collection":[{"href":"https:\/\/www.monamiteto.fr\/index.php?rest_route=\/wp\/v2\/product"}],"about":[{"href":"https:\/\/www.monamiteto.fr\/index.php?rest_route=\/wp\/v2\/types\/product"}],"replies":[{"embeddable":true,"href":"https:\/\/www.monamiteto.fr\/index.php?rest_route=%2Fwp%2Fv2%2Fcomments&post=146"}],"wp:featuredmedia":[{"embeddable":true,"href":"https:\/\/www.monamiteto.fr\/index.php?rest_route=\/wp\/v2\/media\/195"}],"wp:attachment":[{"href":"https:\/\/www.monamiteto.fr\/index.php?rest_route=%2Fwp%2Fv2%2Fmedia&parent=146"}],"wp:term":[{"taxonomy":"product_brand","embeddable":true,"href":"https:\/\/www.monamiteto.fr\/index.php?rest_route=%2Fwp%2Fv2%2Fproduct_brand&post=146"},{"taxonomy":"product_cat","embeddable":true,"href":"https:\/\/www.monamiteto.fr\/index.php?rest_route=%2Fwp%2Fv2%2Fproduct_cat&post=146"},{"taxonomy":"product_tag","embeddable":true,"href":"https:\/\/www.monamiteto.fr\/index.php?rest_route=%2Fwp%2Fv2%2Fproduct_tag&post=146"}],"curies":[{"name":"wp","href":"https:\/\/api.w.org\/{rel}","templated":true}]}}

Maé et la grande aventure des NON : Album jeunesse dès 3 ans

<p data-start="718" data-end="1000">&#8220;Maé et la grande aventure des NON&#8221; est un album jeunesse interactif et plein d’humour qui aide les enfants à apprendre à dire OUI… et NON ! À travers une aventure colorée guidée par Této, les enfants découvrent leurs émotions, leurs préférences et la notion essentielle de choix.</p>
<p data-start="1002" data-end="1425">L’album propose un vocabulaire riche, des mots mis en valeur pour faciliter l’échange parent-enfant, ainsi que de nombreux détails visuels à observer (lettres cachées, petites tortues, jeux des différences). Conçu pour favoriser l’affirmation de soi et la compréhension des émotions, il offre un très fort potentiel de relecture et devient un support idéal pour les familles, enseignants et professionnels de l’enfance.</p>
<p data-start="1002" data-end="1425"><strong data-start="1064" data-end="1131">Le livre comprend également 3 pages d’informations pédagogiques</strong> destinées aux parents et aux enfants. Grâce à sa construction pensée par une autrice engagée dans le développement émotionnel des enfants, l’album devient un outil pratique pour accompagner les premiers apprentissages relationnels.</p>
<p data-start="1427" data-end="1699">Première œuvre publiée des Éditions Tétö, cet album est imprimé en qualité premium (21×21 cm, 28 pages), et s’intègre dans la collection <em data-start="1564" data-end="1593">Les chroniques du quotidien</em>. Il peut être complété par un carnet d’activités assorti pour prolonger l’histoire et les apprentissages.</p>

<p>Un album tendre et drôle pour aider les enfants à comprendre leurs émotions et à faire leurs propres choix. Des détails à observer, un vocabulaire riche, et une lecture interactive que les enfants adorent.</p>
